2. Suppose 0*r - 5*r + 4*d = -36, -4*d - 4 = -r. Suppose 1 = -g + 4, -2*u - r = -4*g. Give p(u).
4
Let b(k) = -3*k + 9. Let u(c) = 7*c - 19. Let g(t) = 9*b(t) + 4*u(t). Suppose 7*d - 4*d = -15. Give g(d).
0
Let u(d) = d**2 + 5*d - 5. Let y = -66 - -59. What is u(y)?
9
Let f = 21 + 6. Let u(w) = 3 + 0 - 2 + 37*w - f*w. Give u(1).
11
Let c be (2 + (-1)/2)*-2. Let y = -1 + c. Let h(d) = -d**3 - d**2 + d. Let l(z) = 6*z**3 + 10*z**2 - z. Let q(w) = -5*h(w) - l(w). Calculate q(y).
0
Let f be (13/(-2) + -1)*-2. Suppose 5*l = i - 19, l - f = 6*l. Let y be 3 - i - 3/1. Let w(m) = m - 4. Give w(y).
-8
Let a(n) = n**2 - 5*n + 6. Suppose -p = -3*h - h + 4, -3*p - 28 = -4*h. Let c(d) = -9*d + 2. Let t be c(1). Let b = t - p. Calculate a(b).
6
Let h(b) = -b - 2*b - b + 3*b. Determine h(-5).
5
Let r(u) = -u - 1. Let h(o) = 5*o + 5. Let v(f) = h(f) + 4*r(f). Let g = 12 + -7. Let w be -1 + (-3)/(-3) - g. Determine v(w).
-4
Let k(m) be the second derivative of m**5/20 - m**3/3 + 9*m. What is k(2)?
4
Let r(t) = -2*t - 2. Let b(a) = 10*a + 2. Let w be b(2). Suppose -3*l + 2*q + 14 = 0, -5*l + 3*q = -0*q - w. Calculate r(l).
-6
Let w = 15 + -11. Suppose 6 = w*m - m. Let h(v) = v**3 - 2*v**2 - 3*v + 3. Determine h(m).
-3
Let f(m) be the second derivative of -m**3 - 3/2*m**2 + 3*m + 1/12*m**4 + 0. Calculate f(5).
-8
Let j(w) = -w + 1. Let t be ((-2)/4)/(22/(-352)). What is j(t)?
-7
Let n(p) = p**3 + p**2 + 4. Let o(x) = -4*x**3 - 3*x**2 - 11. Let h(q) = q**2 + q - 5. Let l be h(-4). Let a(y) = l*n(y) + 2*o(y). What is a(0)?
6
Let d = 4 - 0. Let t(c) = -12*c**3 - c**2 + d*c**3 - 4 + 3 - c. Calculate t(-1).
7
Let r(v) = v**2 - 6*v - 4. Suppose -21 = -4*w + 19. Let k be (1 - 9)/(8 - w). What is r(k)?
-12
Let x(p) = -p**2 + 5*p + 7. Let s = -96 - -102. Determine x(s).
1
Let r be (3*6)/(2 + 0). Let l = 5 - r. Let m = l - -6. Let g(x) = x**3 - 2*x**2 + 4*x - 3. Give g(m).
5
Suppose 6 = -3*a + a, -45 = 3*z - 3*a. Let i = z - -13. Let f(m) = -m. Calculate f(i).
5
Let b(w) = 2*w**3 + 2*w**2. Let d be (-1)/(3/12*-2). Let v = 0 - d. What is b(v)?
-8
Let a(h) = h**3 + 19*h**2 + 19*h + 26. Let m be a(-18). Let k(x) = x - 1. Give k(m).
7
Let h(g) = 2*g**2 - 2*g + 2. Suppose -2*r + 6 = -r. Suppose -5*y = -r*y + 2. Calculate h(y).
6
Let m(j) = 4 - 72*j + 145*j - j**2 - 67*j. Give m(7).
-3
Suppose 0 = t + v - 2*v - 1, -3*t + v - 3 = 0. Let c be (0 + t)*1/2. Let b(j) = 6*j + 7. Let r(o) = -5*o - 6. Let f(a) = -6*b(a) - 7*r(a). Determine f(c).
1
Let q(z) = z**3 + z**2 + z + 4. Let d = -11 + 8. What is q(d)?
-17
Let v(m) = -m**3 - 2*m**2 + 6*m - 8. Let a(l) = -l**3 - 3*l**2 + 5*l - 8. Let y(d) = 3*a(d) - 2*v(d). Calculate y(-6).
10
Let h(s) = 0 - 4*s + 2 + 3*s**2 - 1. Suppose 5*q - 2*m = 25, -4*m - 6 = 14. Give h(q).
16
Let k = 5 + -2. Let s(v) = -k*v**2 + 3*v**2 + v**3 - 1 + v**2 - 2*v**2. Determine s(1).
-1
Let w(f) = -f - 3 + 5*f + 0 + 0. Calculate w(3).
9
Let p(u) = -3 - u + u - 2*u. Suppose -2*y + y = 7. Let s(c) = 2*c + 4. Let g(j) = y*p(j) - 6*s(j). What is g(2)?
1
Suppose 2*t = -5*b - 9 - 10, -3*b = -3*t + 24. Let j(r) = r**3 + 6*r**2 + 6*r + 2. What is j(b)?
-3
Let s(u) be the second derivative of 0 + 1/2*u**2 - 1/24*u**4 - 2*u - 1/6*u**3. Let b(a) be the first derivative of s(a). Give b(-3).
2
Suppose -6*h - 18 = -4*h. Let n = h + 14. Let o(b) = -3*b**3 + 7*b**2 + b - 5. Let p(i) = -i**3 + i**2 + 1. Let c(j) = o(j) - 2*p(j). Calculate c(n).
-2
Let v(b) = 6*b + 5. Let a(z) = -5*z - 5. Let f(i) = 7*a(i) + 6*v(i). Let n = 0 - -6. Give f(n).
1
Suppose -22 = 3*h - 5*j, -h + 3*j + 3 = 13. Let s(m) = 4*m - m - 6*m - m**2 - m + 4. Determine s(h).
4
Let p be (2 + (-28)/8)*(-24)/9. Suppose 0 = -3*s - 2*t + 2, 4*s - 2*t = -4 + 16. Let c(j) = -s + 0 + 6*j - j**2 - 1. Give c(p).
5
Let p(w) be the third derivative of -5/6*w**3 + 0*w + 1/12*w**4 + 3*w**2 + 0. Give p(4).
3
Let o(a) = a**2 - 10*a + 19. Let y be o(8). Let s(g) be the second derivative of g - 1/6*g**y + 2*g**2 + 0. Give s(3).
1
Let g(p) = -3*p**3 - 15*p**2 + 10*p + 23. Let u be -1 - 6 - 1/1. Let w(h) = -2*h**3 - 10*h**2 + 7*h + 15. Let x(b) = u*w(b) + 5*g(b). Calculate x(-6).
-5
Let d(s) = s**3 + 3*s**2 + s - 2. Let n(v) = -v + 9. Suppose -5*b + 6*b = 11. Let i be n(b). Calculate d(i).
0
Let o = 106 - 76. Suppose -7*y + o = -2*y. Let c(r) = -1 + 4*r - r**2 - 3 - y*r + r. What is c(0)?
-4
Suppose 5*o = 1 + 24. Let m(n) = 0 - 2 + 2*n**2 - 1 - o*n. Let d(r) = r**2 - 4*r + 4. Let w be d(4). Determine m(w).
9
Let g(a) be the first derivative of 0*a - a**2 + 1/8*a**4 + 2 - 1/120*a**6 + 1/6*a**3 - 1/30*a**5. Let v(m) be the second derivative of g(m). Determine v(-3).
1
Let o(m) = -m + 1. Suppose 0*h - 3*h = 2*k + 37, 6 = -k - 4*h. Let z = 17 + k. Let l be (-2)/4 + z/(-2). Determine o(l).
-3
Let k(t) = -t**3 + 6*t**2 - 3*t - 5. Let p = -21 - -26. Give k(p).
5
Let d(b) = 4*b**2 + 4*b**2 + 0 - 9*b**2 + 4 + b. Give d(-4).
-16
Let h(u) = 3*u - 7. Let z(p) = -3*p**2 - 6*p + 4. Let b be z(-3). Give h(b).
-22
Let v(b) = 8*b - 1. Let d be v(1). Let s(p) = 3*p + 12. Let r(m) = m + 6. Let k(c) = -5*r(c) + 2*s(c). Let q be k(d). Let i(x) = 3*x + 1. Calculate i(q).
4
Let g(l) = 34*l - 11*l - 12 - 14*l - l**2. Calculate g(8).
-4
Let t(z) = 3*z - 4. Let d(k) = -4 + 4*k**2 - 7*k - 3*k**2 + k - k. Let u be d(7). Give t(u).
-16
Let z = 2 - 4. Let g be (-81)/15 - z/5. Let k(b) = 0 - 2 - 2 - b**2 - 6*b. What is k(g)?
1
Let z(b) = 7*b**2 - b**3 - 6 + 3*b**2 - 6*b**2 + 7*b. Suppose -l = -0 - 5. Give z(l).
4
Let n(i) = -26*i + 20. Let h(z) = -5*z + 4. Let j(x) = 11*h(x) - 2*n(x). Calculate j(4).
-8
Suppose -2*q = 5*u - 32, 0 = 4*u - u + q - 19. Let i be (-8 - -8) + 0/2. Let m(n) = 5*n + i*n + 4 + n + 1 - n**2. Determine m(u).
5
Let y be (0/1)/(-7 + 8). Suppose -5*w - 30 = -y*w. Let l(q) = q**3 + 7*q**2 + 5*q. Give l(w).
6
Let h(p) = p**2 - p - 5. Let b(c) = -2*c**2 + c + 11. Let y(k) = 2*b(k) + 5*h(k). Suppose 0 = -4*l + 19*l - 60. What is y(l)?
1
Let n(l) be the second derivative of -1/12*l**4 + 2*l + 1/20*l**5 + 3/2*l**2 + 1/6*l**3 + 0. Give n(0).
3
Let m(s) = 3*s**3 - 4*s**2 + 9*s - 3. Let t(k) be the first derivative of k**4/4 + k**2/2 - k - 4. Let b(w) = m(w) - 4*t(w). What is b(-5)?
1
Let n(h) = -h**2 + 8*h + 6. Let d(o) = o**2 - 8*o - 7. Let k(c) = -5*d(c) - 6*n(c). Let i be k(8). Let x(z) = 3*z**3 + z**2 - 1. Give x(i).
-3
Let c(o) = 4 - 9 + 2*o + 6. What is c(3)?
7
Let b be ((-1 - 1) + 5)*1. Let a(y) = -1 - 2*y**3 - 2*y**b + 2*y**3 + 2*y - y**2. What is a(-2)?
7
Let r(u) = 5*u + 9. Let y(v) = 4*v + 8. Let s(b) = -3*r(b) + 4*y(b). Give s(5).
10
Suppose -5*l = 14 - 4. Let b(q) be the second derivative of 0 + 6*q - 1/12*q**4 - 1/6*q**3 + 0*q**2 - 1/20*q**5. Calculate b(l).
6
Let d(n) = -n**3 + 6*n**2 - 5*n - 6. Let c = 25 - 20. Calculate d(c).
-6
Let y(r) = -6*r**2 - 4*r - 6. Let g(q) = 13*q**2 + 8*q + 13. Let s(l) = 3*g(l) + 7*y(l). What is s(-2)?
-7
Let o(r) = r + 4. Let n be o(-2). Suppose 5*f - 2*b - 28 = 0, 0 = -5*f + f - b + 12. Let k(a) = -2 + f*a**2 + 2*a**3 - 2*a + 0*a - 3*a**3. Determine k(n).
2
Let n(g) = -2*g**2 - 6*g - 6. Let h be n(-3). Let w(y) = y**3 + 5*y**2 - 7*y + 3. Give w(h).
9
Let q(j) be the first derivative of j**3/6 - 2*j**2 + 5*j + 3. Let t(y) be the first derivative of q(y). Determine t(0).
-4
Let v(r) be the third derivative of -r**6/120 + r**5/15 - r**4/24 + 2*r**3/3 - r**2. Let j = -243 - -247. What is v(j)?
0
Let q(i) = 5*i + 1. Let o(a) = -a**2 - 3*a. Let m be o(-4). Let y be (-2 + -1 - m)*1. Calculate q(y).
6
Let c be 1/3 + (-40)/12. Let d = c - -6. Suppose -2 + 17 = d*g. Let z(j) = j**3 - 4*j**2 - 6*j + 5. Give z(g).
0
Let m(t) = -t**3 - 2*t**2 + 6*t + 3. Let l = 1 + -5. What is m(l)?
11
Let u(z) = -z**2 - 4*z + 2. Let c be (6/5)/(15/50). Give u(c).
-30
Suppose 2*g + 3*c + 14 = 0, g + 2*g - 4*c = -38. Let j(w) = w**2 + 10*w - 5. Calculate j(g).
-5
Let q(a) = -a**3 - 5*a**2 + 2*a - 1. Suppose -2*n + f - 2*f = 6, 12 = 3*f. Determine q(n).
-11
Let h(c) = 2*c + 6. Let y be (-16)/(-40) - 22/5. Determine h(y).
-2
Let p(o) be the third derivative of -o**4/24 - o**3/2 + 5*o**2. Give p(-4).
1
Suppose -2*n - 3*n + 33 = -s, 4*n + 5*s = 38. Let t(h) = h**3 - 8*h**2 + 9*h - 9. Give t(n).
5
Let h(o) = 6*o + 1. Let m(y) be the third derivative of y**7/5040 - y**5/60 - 2*y**2. Let g(f) be the third derivative of m(f). Let j be 